r of 105 and 185985?
15
Calculate the greatest common factor of 54168 and 123432.
888
What is the highest common factor of 4485 and 187980?
195
Calculate the highest common divisor of 1562580 and 15.
15
Calculate the greatest common divisor of 962 and 754.
26
Calculate the highest common divisor of 53141 and 242.
11
What is the highest common divisor of 28 and 15085?
7
Calculate the highest common factor of 24 and 182652.
12
Calculate the highest common divisor of 51289 and 9520.
119
Calculate the highest common divisor of 348 and 117885.
87
What is the highest common divisor of 43031 and 296?
37
Calculate the highest common divisor of 2508 and 59907.
57
Calculate the highest common factor of 222 and 416694.
222
Calculate the greatest common divisor of 7112 and 1001014.
1778
What is the greatest common factor of 37562 and 28?
14
What is the greatest common divisor of 377 and 12209?
29
What is the highest common factor of 782458 and 513?
19
Calculate the highest common divisor of 14 and 951034.
14
Calculate the greatest common factor of 3 and 3673.
1
What is the greatest common factor of 1455 and 351625?
485
Calculate the highest common factor of 54057 and 2109.
111
Calculate the highest common divisor of 5542 and 17646.
34
Calculate the greatest common divisor of 1368822 and 2184.
546
Calculate the highest common divisor of 432 and 4995.
27
Calculate the highest common divisor of 1308 and 2518554.
654
Calculate the highest common factor of 23126 and 558.
62
Calculate the greatest common factor of 483780 and 100.
20
What is the greatest common divisor of 260 and 13676?
52
What is the greatest common factor of 26 and 101049?
13
What is the highest common divisor of 257584 and 32?
16
Calculate the highest common factor of 172580 and 20.
20
Calculate the highest common divisor of 74375 and 765.
85
Calculate the highest common divisor of 7 and 480676.
7
What is the greatest common factor of 115 and 1245105?
115
Calculate the greatest common divisor of 11376 and 288.
144
Calculate the highest common factor of 410 and 800.
10
Calculate the greatest common divisor of 12 and 2932.
4
What is the highest common divisor of 14904 and 60?
12
What is the highest common factor of 33465 and 113490?
1455
What is the highest common factor of 5924 and 1784?
4
Calculate the greatest common factor of 65098 and 2152.
538
What is the highest common divisor of 103130 and 170?
10
Calculate the greatest common divisor of 189 and 55839.
21
What is the highest common divisor of 280 and 39795?
35
What is the greatest common factor of 212 and 2382827?
53
What is the greatest common divisor of 484 and 34727?
121
What is the highest common factor of 78445 and 290?
145
What is the greatest common divisor of 152 and 56468?
76
What is the greatest common factor of 13611531 and 229?
229
What is the greatest common factor of 1548 and 17406?
18
Calculate the greatest common factor of 4382 and 14.
14
Calculate the highest common factor of 12013 and 533.
41
What is the greatest common factor of 399 and 6213?
57
What is the greatest common factor of 159 and 18868?
53
Calculate the greatest common factor of 1615 and 82195.
85
Calculate the highest common factor of 52838 and 1798.
58
Calculate the highest common divisor of 351 and 186108.
39
What is the highest common factor of 14056 and 560?
56
Calculate the highest common factor of 2634 and 36.
6
What is the greatest common factor of 4290 and 37455?
165
What is the highest common factor of 1456 and 1079?
13
What is the greatest common divisor of 129241 and 21?
7
What is the highest common factor of 168828 and 748?
44
What is the greatest common factor of 1479 and 1683?
51
Calculate the highest common divisor of 529 and 266087.
529
What is the greatest common factor of 16646290 and 10?
10
Calculate the highest common factor of 14643582 and 106.
106
Calculate the highest common divisor of 58 and 1264864.
58
What is the highest common factor of 18369 and 18?
9
Calculate the highest common factor of 22747 and 129.
43
What is the greatest common divisor of 35 and 16363?
1
What is the highest common factor of 855270 and 258?
258
Calculate the highest common factor of 13031 and 6908.
157
What is the greatest common divisor of 1342 and 7320?
122
What is the greatest common divisor of 3699 and 151248?
411
What is the highest common factor of 1268 and 175618?
634
What is the greatest common divisor of 1056 and 20130?
66
What is the greatest common divisor of 180 and 31068?
36
What is the highest common divisor of 981 and 1017?
9
What is the greatest common divisor of 3176 and 808?
8
Calculate the greatest common factor of 10324 and 58.
58
What is the highest common factor of 664758 and 36?
18
What is the greatest common divisor of 25694 and 812?
58
What is the highest common factor of 360 and 443160?
360
Calculate the highest common factor of 260 and 965.
5
Calculate the highest common factor of 242 and 281204.
242
Calculate the greatest common factor of 54303 and 2346.
69
Calculate the greatest common divisor of 155 and 193130.
155
What is the greatest common factor of 1098455 and 5?
5
Calculate the highest common divisor of 32470 and 187.
17
Calculate the highest common factor of 26712 and 102078.
954
Calculate the greatest common factor of 195 and 22191.
39
What is the greatest common divisor of 167100 and 1875?
75
Calculate the greatest common factor of 214 and 6206.
214
Calculate the greatest common factor of 33 and 3.
3
Calculate the highest common factor of 5608293 and 3134.
1567
Calculate the greatest common factor of 132635 and 123.
41
What is the greatest common factor of 36810 and 810?
90
What is the greatest common factor of 780 and 76830?
390
What is the highest common factor of 68309 and 83?
83
What is the highest common factor of 11480 and 315?
35
What is the greatest common divisor of 84760 and 978?
326
What is the highest common factor of 16280 and 5540?
20
Calculate the highest common factor of 308832 and 64.
32
What is the greatest common factor of 13 and 86892?
13
Calculate the greatest common factor of 108 and 15273.
9
What is the greatest common factor of 570 and 151278?
114
Calculate the highest common divisor of 11375 and 7125.
125
What is the highest common divisor of 800 and 5090?
10
What is the greatest common factor of 23138 and 782?
46
Calculate the greatest common factor of 361 and 156427.
19
Calculate the greatest common divisor of 142225 and 50.
25
What is the greatest common factor of 260617 and 2821?
217
Calculate the highest common factor of 56837 and 22.
11
What is the greatest common factor of 3757230 and 9?
9
Calculate the highest common factor of 187 and 436821.
11
Calculate the highest common divisor of 7 and 241843.
7
Calculate the greatest common factor of 38905 and 140.
5
What is the highest common divisor of 63325 and 153?
17
Calculate the highest common factor of 7 and 456421.
7
What is the highest common factor of 2702 and 168?
14
What is the greatest common factor of 1192224 and 192?
96
What is the greatest common divisor of 14119 and 875?
7
Calculate the greatest common divisor of 12 and 299361.
3
What is the highest common factor of 252 and 45234?
126
What is the highest common factor of 22058 and 4842?
538
Calculate the highest common factor of 86245 and 24440.
235
Calculate the greatest common divisor of 3526003 and 13.
13
Calculate the highest common factor of 1023 and 409882.
341
Calculate the greatest common factor of 74228 and 2968.
28
Calculate the greatest common factor of 200048 and 16.
16
What is the highest common divisor of 116287 and 5645?
1129
What is the highest common divisor of 292 and 480?
4
What is the greatest common divisor of 121961 and 532?
133
Calculate the greatest common divisor of 390 and 845.
65
Calculate the greatest common divisor of 7 and 22463.
7
What is the greatest common divisor of 432 and 118584?
216
What is the greatest common factor of 29237 and 1859?
169
What is the greatest common divisor of 41338 and 2046?
22
What is the greatest common divisor of 602 and 447458?
86
Calculate the greatest common divisor of 45924 and 3.
3
Calculate the highest common divisor of 2120 and 77115.
265
What is the highest common divisor of 440 and 37664?
88
Calculate the gr